s the units digit of j?
7
Suppose 3*r - 2*r = 50. Suppose 3*l - r = 97. What is the tens digit of l?
4
Let l = 33 - 14. Suppose l = 5*o - 41. What is the tens digit of o?
1
Let m(c) = c**2 - 8*c - 18. What is the units digit of m(-9)?
5
Let f = -9 + 8. What is the units digit of (f/(-1))/((-7)/(-175))?
5
Let u = 444 - 214. What is the tens digit of u/8 - (-1)/4?
2
Suppose x + 2 = 1. Let n be -2 + (-1 - -2) - x. Suppose -5*t = 4*g - 23, n = 3*t - g - 3 - 4. What is the units digit of t?
3
Let s(n) = -n**2 - 3*n + 2. Suppose -2 = w + 1. Let m be s(w). Suppose -m*q - 3*q = -30. What is the units digit of q?
6
Let t(p) = 2*p**2 + 4*p + 2. Let b be 65/(-20) + 1/4. What is the units digit of t(b)?
8
Let u(d) = -d**2 - 13*d + 53. Let a be u(-16). Let n(f) = 4*f - f - 3 - 2*f. What is the units digit of n(a)?
2
Let v(w) = 12*w + 30. Let y(i) = 4*i + 10. Let d(h) = 3*v(h) - 10*y(h). What is the units digit of d(-8)?
2
Let y(n) = 6*n - 3. Let q be y(1). Let o(x) = x**2 + 3*x - 5. What is the tens digit of o(q)?
1
Suppose 7*w - 4*w = 9. Suppose -w*o - 2*o - 15 = 0. Let i(d) = -d**2 - 6*d - 3. What is the units digit of i(o)?
6
Let n(y) = y + 9. Suppose 3*a - 3 = -3*s, 5*a - 5*s - 48 = 7. What is the units digit of n(a)?
5
Let b(v) = v**3 - 5*v + 4. Let p be b(3). Let i = 40 - p. What is the units digit of i?
4
Let j = -236 - -400. What is the tens digit of j?
6
Suppose 0 = -2*y - 4*o, 2*y + 0*y - o = -10. What is the units digit of (-1)/(-4)*(y + 8)?
1
Let h be (-3)/(-12) + 22/8. Suppose -5*v - 55 = -5*p, -h*p + 2*v + 17 + 20 = 0. Suppose 0 = 3*x - p, s - 2 = -x + 2*x. What is the units digit of s?
7
Let r(n) = -n - 1. Let t be r(-3). Suppose -61 = -t*d - 7. What is the tens digit of d?
2
What is the units digit of 212*((-21)/(-6) + -3)?
6
Let w(p) = 11*p + 6. Let s be w(3). Suppose 4*t - s - 9 = 0. What is the units digit of t?
2
Let r(z) = -11*z + 2. What is the tens digit of r(-5)?
5
Let l = 13 + 12. Let h = l + 35. What is the units digit of h?
0
Suppose 6*t = 5 + 151. What is the units digit of t?
6
Let l be 2480/(-24) + (-4)/6. What is the units digit of (-1)/((28/l)/7)?
6
What is the units digit of (-1)/(-7) - (-2448)/112?
2
Let c be (-4 - -3)/(2/(-34)). Let m = 17 - 12. Suppose -5*n - 8 = 2*l + 3, -m*n - c = -l. What is the units digit of l?
2
Let g be -6*2/(-4) + 2. Suppose -c - c = 4*k + 4, -g*k = 2*c + 5. Suppose 2*j - 5*s = 4, 2*j + c*j + 2*s = 32. What is the tens digit of j?
1
What is the tens digit of 129/(-6)*-6 - -2?
3
Let c(b) = -7*b**3 - 15*b**2 + 6*b + 12. Let l(a) = a**3 + a**2 - a - 1. Let m(x) = c(x) + 6*l(x). Let t be m(-9). Let g = 10 - t. What is the units digit of g?
4
Suppose -3*b - v + 2 = -6*v, 0 = 5*b + 2*v - 24. What is the units digit of b?
4
Let q(i) = -i**3 + 11*i**2 + 13*i + 2. Let y be q(12). Let b = 7 + -4. Suppose -b*u - 2 + y = 0. What is the units digit of u?
4
Suppose -12*a = -14*a + 198. Suppose -w - a = -6*u + u, -35 = -2*u + 5*w. What is the tens digit of u?
2
Let q(z) = -z**3 - 2*z**2 + 5*z + 3. Let p = -10 + 7. Let s be q(p). Let t = -2 - s. What is the units digit of t?
1
Let w be (-9)/4*8/(-2). Suppose -1 = 4*v - w. Suppose 0 = -3*h + 12, 5*o + 0 = -v*h + 18. What is the units digit of o?
2
Suppose 0 = -z - 6 - 6. What is the tens digit of (0 + z)/(21/(-28))?
1
Let u = 239 - 57. What is the units digit of u?
2
Suppose -3*b + 117 = -33. What is the units digit of b?
0
Let u(w) = 169*w + 2. What is the hundreds digit of u(1)?
1
Suppose 0 = -5*a + 10 + 5. Suppose -8 = k - a*k. What is the units digit of k?
4
Let u = 113 + -19. What is the units digit of u?
4
Suppose 0 = 4*d - 8*d + 872. Suppose 2*a = 5*z - 266, -2*z - 2*z - a + d = 0. What is the units digit of 2/3*z/4?
9
Suppose -2*a = -g + 2*a + 30, -48 = -g - 2*a. What is the units digit of g?
2
What is the tens digit of 4 - (-13 + 12/4)?
1
Suppose 3*g - 3*u - 12 = 0, -2*u - 14 = -3*g + 3*u. Let z be g*6/9 + -17. What is the units digit of (-18)/z*10/3?
4
Suppose 4 = 5*a - 46. What is the units digit of -3 - (-2*a - -2)?
5
Let s(q) = 26*q**2 + 2*q + 1. Let g be s(-1). What is the units digit of (4 + -6)*g/(-2)?
5
Let d(q) = -q**3 + 7*q**2 - 3*q - 1. Let l(y) = y. Let z(u) = d(u) + 3*l(u). Let r be z(7). What is the units digit of r + (-33)/(-3) + -2?
8
Let l = 627 - 388. What is the hundreds digit of l?
2
What is the units digit of (0/(-2) - (-4 + -93))*1?
7
Suppose 5*t - 9 - 1 = 0. Suppose 0*n - n - t*p + 7 = 0, 4*p + 40 = 4*n. What is the units digit of n?
9
Let a(v) = 2*v - 4 - v - 2*v. Let u be a(-8). Suppose 45 = 5*y - 2*k, -5*y + 5*k - u*k = -45. What is the units digit of y?
9
Let x(b) = -b + 3. Let d = 3 - 3. Suppose 5*m + 4*p + 39 = d, 0 = 4*m + 5*p + 13 + 20. What is the units digit of x(m)?
0
Let d(k) = k**2 + 11*k - 17. Let q be d(-12). Let n = 9 - q. What is the units digit of 58/7 + (-4)/n?
8
What is the tens digit of (-11)/(-2)*(-60)/(-10)?
3
Let y(v) = -v**2 - 18*v - 2. What is the units digit of y(-13)?
3
Let l(x) = -x + 2. Let g be l(2). Suppose 140 = 5*c + 5*w, w - 76 = -3*c - g*w. What is the units digit of c?
4
Let x = -3 + 3. Let b = 7 - 5. Suppose x = -0*f - b*f + 6. What is the units digit of f?
3
Suppose 49 = c + 4*p, 5*p + 133 = c + 3*c. What is the units digit of c?
7
Let f be (112/(-35))/(2/(-165)). What is the units digit of (-6)/(-4)*f/18?
2
Suppose -5*a - 168 = -13. Let n = a + 44. What is the tens digit of n?
1
Suppose 10 = -2*k, d - 232 = -0*d + 5*k. What is the hundreds digit of d?
2
Suppose -1 + 7 = c. Suppose i - f = c + 4, 5*f + 41 = 4*i. What is the units digit of i?
9
Suppose 5*q - 2*d = 269, -q + 30 + 16 = -3*d. What is the tens digit of q?
5
Let q(h) = 97*h**3 - 3*h + 2. What is the units digit of q(1)?
6
Suppose -m + 3*m - 48 = 0. Suppose 0 = 5*y - m + 9. What is the units digit of y?
3
What is the units digit of (-5)/(((-20)/(-6))/(-4 + 0))?
6
Suppose -k + 12 = 2*k. Suppose b + 4*g - 44 = 0, 2*g - g + 108 = k*b. What is the tens digit of b?
2
Let i = -5 - -10. Let t = i + 10. What is the tens digit of t?
1
Let v = -10 + 4. Let w(r) = -2*r - 9. Let h be w(v). Suppose -h*p + 15 = 2*p. What is the units digit of p?
3
Let w = -15 + 23. Suppose -3*j + w*j - 130 = 0. What is the tens digit of j?
2
Suppose 3*t = -3*t + 198. What is the tens digit of t?
3
Suppose 4*d + 2*o - 134 = -28, 0 = 5*d + 4*o - 140. What is the units digit of d?
4
Let x(s) = -s**2 - 3*s + 6. Let b be x(-5). Let y = 14 - 8. Let v = b + y. What is the units digit of v?
2
Let f(s) = -s + 16. Let c(t) = 2*t - 31. Let l(w) = 4*c(w) + 9*f(w). Suppose -z + 3*d = z - 3, 0 = -2*z + 5*d - 7. What is the units digit of l(z)?
1
Suppose 3*o = -o, -74 = -2*i + 2*o. Let k(d) = 26*d + 1. Let h be k(-1). Let x = i + h. What is the tens digit of x?
1
Let y = 37 - 57. What is the tens digit of (y/(-12) - -3)*6?
2
Let b = -2 - -5. Suppose b*o - 5*s = 34, o - 6*o + 10 = s. Let r = 9 - o. What is the units digit of r?
6
Suppose 0 = 4*b - 0*b. Suppose t = -b*t + 10. What is the units digit of t?
0
Let c(x) = 5*x - 2. Let y(a) = 6*a - 2. Let s(u) = 4*c(u) - 3*y(u). What is the units digit of s(2)?
2
Let f be 2 + 5 - 1 - 0. Let d = f + 5. What is the units digit of d?
1
What is the tens digit of (5 + (-185)/2)*-2?
7
Suppose 5*o - 5 - 5 = 0. Suppose -o*n + 36 = -6. What is the tens digit of n?
2
Let o = 22 - 17. Suppose 3*c = 3*l + 72, -c = -o*c - 2*l + 108. What is the tens digit of c?
2
Suppose 2581 - 941 = 8*d. What is the hundreds digit of d?
2
Let j be (-3570)/(-24) + (-1)/(-4). What is the units digit of j/3 - 12/18?
9
Let r be (-3)/2*32/12. What is the units digit of (r/(8/(-14)))/1?
7
Let g(o) = 2*o. Let p(i) = -3*i + 1. Let t(d) = -5*g(d) - 3*p(d). Let s be t(-8). Suppose -c + 2*c = s*j - 11, 0 = -5*c + j + 17. What is the units digit of c?
4
Suppose -5*w + 9 + 1 = 0. Let r(h) = h**2 - 3*h - 5. Let b be r(4). Let j = b + w. What is the units digit of j?
1
Let p = -4 - -8. What is the tens digit of p - -3*(-92)/(-6)?
5
Suppose 4*x + 0 = 12. Let u be x - (0 + (-2)/(-1)). What is the units digit of (u - 2/6)*6?
4
Let o = -4 + 16. Suppose -3*h = 63 - o. Let y = -7 - h. What is the units digit of y?
0
Suppose -2*a - 121 = -5*f + 559, 5*f - 645 = -5*a. What is the units digit of f?
4
Suppose -l - 3 = -2*l - 3*o, -3*l = -3*o - 45. Suppose -3*x - l = -x. Let b = 0 - x